{"id":9892,"date":"2022-02-22T12:56:35","date_gmt":"2022-02-22T15:56:35","guid":{"rendered":"https:\/\/plastikma.com.br\/?post_type=product&#038;p=9892"},"modified":"2022-02-22T12:57:08","modified_gmt":"2022-02-22T15:57:08","slug":"desinfetante-sensacoes-concentrado","status":"publish","type":"product","link":"https:\/\/plastikma.com.br\/?product=desinfetante-sensacoes-concentrado","title":{"rendered":"Desinfetante Sensa\u00e7\u00f5es (concentrado)"},"content":{"rendered":"<p>Limpador especialmente formulado para limpeza geral de pisos, paredes, corredores, banheiros e em todos os locais que haja necessidade de limpeza. Deixa o ambiente suavemente perfumado. Sua concentra\u00e7\u00e3o facilita o transporte e a estocagem, podendo ser dilu\u00eddo conforme a necessidade.<\/p>\n","protected":false},"excerpt":{"rendered":"<ul>\n<li aria-level=\"1\"><b>5L<\/b><\/li>\n<\/ul>\n<ul>\n<li aria-level=\"1\"><b>D\u2019Line<\/b><\/li>\n<\/ul>\n<ul>\n<li aria-level=\"1\"><b>Premisse<\/b><\/li>\n<\/ul>\n<p>&nbsp;<\/p>\n","protected":false},"featured_media":9893,"template":"","meta":[],"product_cat":[237],"product_tag":[],"class_list":{"0":"post-9892","1":"product","2":"type-product","3":"status-publish","4":"has-post-thumbnail","6":"product_cat-desinfetantes","9":"instock","10":"shipping-taxable","11":"purchasable","12":"product-type-simple"},"_links":{"self":[{"href":"https:\/\/plastikma.com.br\/index.php?rest_route=\/wp\/v2\/product\/9892","targetHints":{"allow":["GET"]}}],"collection":[{"href":"https:\/\/plastikma.com.br\/index.php?rest_route=\/wp\/v2\/product"}],"about":[{"href":"https:\/\/plastikma.com.br\/index.php?rest_route=\/wp\/v2\/types\/product"}],"wp:featuredmedia":[{"embeddable":true,"href":"https:\/\/plastikma.com.br\/index.php?rest_route=\/wp\/v2\/media\/9893"}],"wp:attachment":[{"href":"https:\/\/plastikma.com.br\/index.php?rest_route=%2Fwp%2Fv2%2Fmedia&parent=9892"}],"wp:term":[{"taxonomy":"product_cat","embeddable":true,"href":"https:\/\/plastikma.com.br\/index.php?rest_route=%2Fwp%2Fv2%2Fproduct_cat&post=9892"},{"taxonomy":"product_tag","embeddable":true,"href":"https:\/\/plastikma.com.br\/index.php?rest_route=%2Fwp%2Fv2%2Fproduct_tag&post=9892"}],"curies":[{"name":"wp","href":"https:\/\/api.w.org\/{rel}","templated":true}]}}