{"id":9648,"date":"2022-02-21T19:47:21","date_gmt":"2022-02-21T22:47:21","guid":{"rendered":"https:\/\/plastikma.com.br\/?post_type=product&#038;p=9648"},"modified":"2022-02-21T19:47:21","modified_gmt":"2022-02-21T22:47:21","slug":"limpa-vidros-up-glass","status":"publish","type":"product","link":"https:\/\/plastikma.com.br\/?product=limpa-vidros-up-glass","title":{"rendered":"Limpa Vidros Up Glass"},"content":{"rendered":"<p>Up Glass \u00e9 um detergente pronto para uso com alto poder desengordurante. Cont\u00e9m uma combina\u00e7\u00e3o detergente-solvente que promove uma total transpar\u00eancia, gerando o aspecto de superf\u00edcie nova aos vidros e espelhos. Vidros e espelhos limpos e brilhantes para voc\u00ea!<\/p>\n","protected":false},"excerpt":{"rendered":"<ul>\n<li aria-level=\"1\"><b>500ml<\/b><\/li>\n<\/ul>\n<ul>\n<li aria-level=\"1\"><b>Up Pro Qu\u00edmicos<\/b><\/li>\n<\/ul>\n<ul>\n<li aria-level=\"1\"><b>Nobre\/ Goedert<\/b><\/li>\n<\/ul>\n<p>&nbsp;<\/p>\n","protected":false},"featured_media":9650,"template":"","meta":[],"product_cat":[215],"product_tag":[],"class_list":{"0":"post-9648","1":"product","2":"type-product","3":"status-publish","4":"has-post-thumbnail","6":"product_cat-limpa-vidro","9":"instock","10":"shipping-taxable","11":"purchasable","12":"product-type-simple"},"_links":{"self":[{"href":"https:\/\/plastikma.com.br\/index.php?rest_route=\/wp\/v2\/product\/9648","targetHints":{"allow":["GET"]}}],"collection":[{"href":"https:\/\/plastikma.com.br\/index.php?rest_route=\/wp\/v2\/product"}],"about":[{"href":"https:\/\/plastikma.com.br\/index.php?rest_route=\/wp\/v2\/types\/product"}],"wp:featuredmedia":[{"embeddable":true,"href":"https:\/\/plastikma.com.br\/index.php?rest_route=\/wp\/v2\/media\/9650"}],"wp:attachment":[{"href":"https:\/\/plastikma.com.br\/index.php?rest_route=%2Fwp%2Fv2%2Fmedia&parent=9648"}],"wp:term":[{"taxonomy":"product_cat","embeddable":true,"href":"https:\/\/plastikma.com.br\/index.php?rest_route=%2Fwp%2Fv2%2Fproduct_cat&post=9648"},{"taxonomy":"product_tag","embeddable":true,"href":"https:\/\/plastikma.com.br\/index.php?rest_route=%2Fwp%2Fv2%2Fproduct_tag&post=9648"}],"curies":[{"name":"wp","href":"https:\/\/api.w.org\/{rel}","templated":true}]}}