{"id":9619,"date":"2022-02-21T19:22:06","date_gmt":"2022-02-21T22:22:06","guid":{"rendered":"https:\/\/plastikma.com.br\/?post_type=product&#038;p=9619"},"modified":"2022-02-21T19:22:06","modified_gmt":"2022-02-21T22:22:06","slug":"assento-seguro-protfemme-higienizador-de-assento","status":"publish","type":"product","link":"https:\/\/plastikma.com.br\/?product=assento-seguro-protfemme-higienizador-de-assento","title":{"rendered":"Assento Seguro ProtFemme \u2013 Higienizador de assento"},"content":{"rendered":"<p>O Assento Seguro Spray com a\u00e7\u00e3o bactericida s\u00e3os indicado para limpeza de pisos, banheiros, vasos sanit\u00e1rios, ralos, pias e lavat\u00f3rios. Podem ser utilizados em qualquer ambiente, como escolas, hot\u00e9is, ind\u00fastrias, shoppings, resid\u00eancias, etc. Possuem fragr\u00e2ncias que aromatizam o ambiente.<\/p>\n","protected":false},"excerpt":{"rendered":"<ul>\n<li aria-level=\"1\"><b>140ml<\/b><\/li>\n<\/ul>\n<ul>\n<li aria-level=\"1\"><b>Spray<\/b><\/li>\n<\/ul>\n<ul>\n<li aria-level=\"1\"><b>Deoline<\/b><\/li>\n<\/ul>\n<ul>\n<li aria-level=\"1\"><b>Premisse<\/b><\/li>\n<\/ul>\n<p>&nbsp;<\/p>\n","protected":false},"featured_media":9620,"template":"","meta":[],"product_cat":[212],"product_tag":[],"class_list":{"0":"post-9619","1":"product","2":"type-product","3":"status-publish","4":"has-post-thumbnail","6":"product_cat-protetor-e-higienizador-assento","9":"instock","10":"shipping-taxable","11":"purchasable","12":"product-type-simple"},"_links":{"self":[{"href":"https:\/\/plastikma.com.br\/index.php?rest_route=\/wp\/v2\/product\/9619","targetHints":{"allow":["GET"]}}],"collection":[{"href":"https:\/\/plastikma.com.br\/index.php?rest_route=\/wp\/v2\/product"}],"about":[{"href":"https:\/\/plastikma.com.br\/index.php?rest_route=\/wp\/v2\/types\/product"}],"wp:featuredmedia":[{"embeddable":true,"href":"https:\/\/plastikma.com.br\/index.php?rest_route=\/wp\/v2\/media\/9620"}],"wp:attachment":[{"href":"https:\/\/plastikma.com.br\/index.php?rest_route=%2Fwp%2Fv2%2Fmedia&parent=9619"}],"wp:term":[{"taxonomy":"product_cat","embeddable":true,"href":"https:\/\/plastikma.com.br\/index.php?rest_route=%2Fwp%2Fv2%2Fproduct_cat&post=9619"},{"taxonomy":"product_tag","embeddable":true,"href":"https:\/\/plastikma.com.br\/index.php?rest_route=%2Fwp%2Fv2%2Fproduct_tag&post=9619"}],"curies":[{"name":"wp","href":"https:\/\/api.w.org\/{rel}","templated":true}]}}