{"id":9531,"date":"2022-02-21T17:32:02","date_gmt":"2022-02-21T20:32:02","guid":{"rendered":"https:\/\/plastikma.com.br\/?post_type=product&#038;p=9531"},"modified":"2022-02-21T17:32:02","modified_gmt":"2022-02-21T20:32:02","slug":"odorizador-de-ambientes-ultra-fresh","status":"publish","type":"product","link":"https:\/\/plastikma.com.br\/?product=odorizador-de-ambientes-ultra-fresh","title":{"rendered":"Odorizador de Ambientes Ultra Fresh"},"content":{"rendered":"","protected":false},"excerpt":{"rendered":"<ul>\n<li aria-level=\"1\"><b>400ml\/ 240g<\/b><\/li>\n<\/ul>\n<ul>\n<li aria-level=\"1\"><b>Baston<\/b><\/li>\n<\/ul>\n<ul>\n<li aria-level=\"1\"><b>DomLine<\/b><\/li>\n<\/ul>\n<ul>\n<li aria-level=\"1\"><b>Alecrim, Baunilha, Capim Lim\u00e3o, Citrus, Cravo e Canela, Erva Doce, Jasmin, Lavanda, Ma\u00e7\u00e3 e Canela, Morango, P\u00e9tala de Rosas, Talco e Vinolia<\/b><\/li>\n<\/ul>\n<p>&nbsp;<\/p>\n","protected":false},"featured_media":9532,"template":"","meta":[],"product_cat":[194,204],"product_tag":[],"class_list":{"0":"post-9531","1":"product","2":"type-product","3":"status-publish","4":"has-post-thumbnail","6":"product_cat-limpeza-quimicos","7":"product_cat-odorizante-de-ambiente-aerossol","10":"instock","11":"shipping-taxable","12":"purchasable","13":"product-type-simple"},"_links":{"self":[{"href":"https:\/\/plastikma.com.br\/index.php?rest_route=\/wp\/v2\/product\/9531","targetHints":{"allow":["GET"]}}],"collection":[{"href":"https:\/\/plastikma.com.br\/index.php?rest_route=\/wp\/v2\/product"}],"about":[{"href":"https:\/\/plastikma.com.br\/index.php?rest_route=\/wp\/v2\/types\/product"}],"wp:featuredmedia":[{"embeddable":true,"href":"https:\/\/plastikma.com.br\/index.php?rest_route=\/wp\/v2\/media\/9532"}],"wp:attachment":[{"href":"https:\/\/plastikma.com.br\/index.php?rest_route=%2Fwp%2Fv2%2Fmedia&parent=9531"}],"wp:term":[{"taxonomy":"product_cat","embeddable":true,"href":"https:\/\/plastikma.com.br\/index.php?rest_route=%2Fwp%2Fv2%2Fproduct_cat&post=9531"},{"taxonomy":"product_tag","embeddable":true,"href":"https:\/\/plastikma.com.br\/index.php?rest_route=%2Fwp%2Fv2%2Fproduct_tag&post=9531"}],"curies":[{"name":"wp","href":"https:\/\/api.w.org\/{rel}","templated":true}]}}