{"id":295,"date":"2021-12-14T19:31:02","date_gmt":"2021-12-14T22:31:02","guid":{"rendered":"https:\/\/plastikma.com.br\/?post_type=product&#038;p=295"},"modified":"2021-12-14T19:32:22","modified_gmt":"2021-12-14T22:32:22","slug":"brilhus-vassoura-multiuso","status":"publish","type":"product","link":"https:\/\/plastikma.com.br\/?product=brilhus-vassoura-multiuso","title":{"rendered":"Brilhus Vassoura Multiuso"},"content":{"rendered":"<p>A vassoura multiuso Brilhus \u00e9 eficiente no processo de limpeza, com cerdas bem distribu\u00eddas, \u00e9 ideal para ambientes internos e externos, removendo toda a sujeira de maneira pr\u00e1tica e r\u00e1pida. O cabo conta com a tecnologia max protech, que a torna mais resistente e duradoura.<\/p>\n<p><strong>Dimens\u00f5es:<\/strong><br \/>\n15,1cm x 21,5cm x 4cm<\/p>\n","protected":false},"excerpt":{"rendered":"<ul>\n<li aria-level=\"1\"><b>Dimens\u00f5es: 15,1cm x 21,5cm x 4cm<\/b><\/li>\n<\/ul>\n<ul>\n<li aria-level=\"1\"><b>Bettanin<\/b><\/li>\n<\/ul>\n<p>&nbsp;<\/p>\n","protected":false},"featured_media":334,"template":"","meta":[],"product_cat":[30,33],"product_tag":[],"class_list":{"0":"post-295","1":"product","2":"type-product","3":"status-publish","4":"has-post-thumbnail","6":"product_cat-equipamentos","7":"product_cat-vassouras","10":"instock","11":"shipping-taxable","12":"purchasable","13":"product-type-simple"},"_links":{"self":[{"href":"https:\/\/plastikma.com.br\/index.php?rest_route=\/wp\/v2\/product\/295","targetHints":{"allow":["GET"]}}],"collection":[{"href":"https:\/\/plastikma.com.br\/index.php?rest_route=\/wp\/v2\/product"}],"about":[{"href":"https:\/\/plastikma.com.br\/index.php?rest_route=\/wp\/v2\/types\/product"}],"wp:featuredmedia":[{"embeddable":true,"href":"https:\/\/plastikma.com.br\/index.php?rest_route=\/wp\/v2\/media\/334"}],"wp:attachment":[{"href":"https:\/\/plastikma.com.br\/index.php?rest_route=%2Fwp%2Fv2%2Fmedia&parent=295"}],"wp:term":[{"taxonomy":"product_cat","embeddable":true,"href":"https:\/\/plastikma.com.br\/index.php?rest_route=%2Fwp%2Fv2%2Fproduct_cat&post=295"},{"taxonomy":"product_tag","embeddable":true,"href":"https:\/\/plastikma.com.br\/index.php?rest_route=%2Fwp%2Fv2%2Fproduct_tag&post=295"}],"curies":[{"name":"wp","href":"https:\/\/api.w.org\/{rel}","templated":true}]}}